{"id":523,"date":"2008-08-31T15:12:22","date_gmt":"2008-08-31T14:12:22","guid":{"rendered":"http:\/\/balu-auf-reisen.de\/blog\/?page_id=523"},"modified":"2009-05-31T15:58:34","modified_gmt":"2009-05-31T14:58:34","slug":"uber-mich","status":"publish","type":"page","link":"http:\/\/balu-auf-reisen.de\/blog\/?page_id=523","title":{"rendered":"&#8230;\u00fcber mich"},"content":{"rendered":"\n<p>Don`t dream it &#8211; be it.<\/p>\n<p>Tr\u00e4ume nicht Dein Leben<\/p>\n<p>sondern<\/p>\n<p>Lebe Deinen Traum<\/p>\n<div class=\"MultiBoxHelp\" id=\"MultiBoxHelp\"><a href=\"http:\/\/www.rutschmann.biz\" title=\"powered by WordPress Multibox Plugin v1.3.5\" target=\"_blank\"><img src=\"http:\/\/balu-auf-reisen.de\/blog\/wp-content\/plugins\/wordpress-multibox-plugin\/images\/help.png\" alt=\"powered by WordPress Multibox Plugin v1.3.5\" title=\"powered by WordPress Multibox Plugin v1.3.5\"><\/a><\/div>\n<p><a href='http:\/\/balu-auf-reisen.de\/blog\/wp-content\/uploads\/2009\/05\/bodo.jpg'><img loading=\"lazy\" src=\"http:\/\/balu-auf-reisen.de\/blog\/wp-content\/uploads\/2009\/05\/bodo.jpg\"  alt=\"\" title=\"bodo\" width=\"190\" height=\"240\" class=\"alignleft size-medium wp-image-524\" \/ class=\"wmp\" id=\"wmp1\"><\/a>  Hallo,<\/p>\n<p>mein Name ist<br \/>\nBodo Rufenach<\/p>\n<p>geboren am 02. August 1953 <\/p>\n<p>Am 31. August 2008 begann f\u00fcr mich ein neuer Lebensabschnitt. Ich habe mit meiner Segelyacht BALU die Leinen vom Hafen des 1. N\u00fcrnberger Motoryachtclub\u2019s zur Weltumsegelung gel\u00f6st.<br \/>\nNach \u00fcber 40 Jahren im Berufsleben ergab sich die M\u00f6glichkeit vorzeitig in Pension zu gehen. Nebenberuflich habe ich die letzten 20 Jahre in meiner Segelschule vielen angehenden Wassersportlern zu ihren Bef\u00e4higungsnachweisen geholfen und ich m\u00f6chte mich bei Ihnen f\u00fcr das Vertrauen danken. Ich hoffe wir sehen uns irgendwo auf oder am Wasser wieder.  <\/p>\n","protected":false},"excerpt":{"rendered":"\n<p>Don`t dream it &#8211; be it.<\/p>\n<p>Tr\u00e4ume nicht Dein Leben<\/p>\n<p>sondern<\/p>\n<p>Lebe Deinen Traum<\/p>\n<p> Hallo,<\/p>\n<p>mein Name ist Bodo Rufenach<\/p>\n<p>geboren am 02. August 1953 <\/p>\n<p>Am 31. August 2008 begann f\u00fcr mich ein neuer Lebensabschnitt. Ich habe mit meiner Segelyacht BALU die Leinen vom Hafen des 1. N\u00fcrnberger Motoryachtclub\u2019s zur Weltumsegelung [&#8230;]<\/p>\n","protected":false},"author":2,"featured_media":0,"parent":0,"menu_order":1,"comment_status":"open","ping_status":"open","template":"","meta":[],"_links":{"self":[{"href":"http:\/\/balu-auf-reisen.de\/blog\/index.php?rest_route=\/wp\/v2\/pages\/523"}],"collection":[{"href":"http:\/\/balu-auf-reisen.de\/blog\/index.php?rest_route=\/wp\/v2\/pages"}],"about":[{"href":"http:\/\/balu-auf-reisen.de\/blog\/index.php?rest_route=\/wp\/v2\/types\/page"}],"author":[{"embeddable":true,"href":"http:\/\/balu-auf-reisen.de\/blog\/index.php?rest_route=\/wp\/v2\/users\/2"}],"replies":[{"embeddable":true,"href":"http:\/\/balu-auf-reisen.de\/blog\/index.php?rest_route=%2Fwp%2Fv2%2Fcomments&post=523"}],"version-history":[{"count":0,"href":"http:\/\/balu-auf-reisen.de\/blog\/index.php?rest_route=\/wp\/v2\/pages\/523\/revisions"}],"wp:attachment":[{"href":"http:\/\/balu-auf-reisen.de\/blog\/index.php?rest_route=%2Fwp%2Fv2%2Fmedia&parent=523"}],"curies":[{"name":"wp","href":"https:\/\/api.w.org\/{rel}","templated":true}]}}